is divided by 4436?
778
Calculate the remainder when 291841 is divided by 512.
1
Calculate the remainder when 25824 is divided by 86.
24
What is the remainder when 106025 is divided by 671?
7
Calculate the remainder when 5241 is divided by 1146.
657
Calculate the remainder when 4469 is divided by 78.
23
What is the remainder when 12190 is divided by 271?
266
What is the remainder when 48877 is divided by 15?
7
Calculate the remainder when 25125 is divided by 105.
30
Calculate the remainder when 112228 is divided by 56031.
166
What is the remainder when 10681 is divided by 10678?
3
Calculate the remainder when 4616 is divided by 33.
29
What is the remainder when 2800 is divided by 1353?
94
What is the remainder when 13400 is divided by 32?
24
Calculate the remainder when 6857 is divided by 244.
25
What is the remainder when 116999 is divided by 824?
815
Calculate the remainder when 45004 is divided by 1954.
62
What is the remainder when 16574 is divided by 16?
14
What is the remainder when 30819 is divided by 230?
229
Calculate the remainder when 1978073 is divided by 54.
53
What is the remainder when 43468 is divided by 322?
320
What is the remainder when 388701 is divided by 1705?
1666
What is the remainder when 147112 is divided by 551?
546
What is the remainder when 966379 is divided by 458?
457
What is the remainder when 212721 is divided by 1467?
6
What is the remainder when 508791 is divided by 39?
36
Calculate the remainder when 1960 is divided by 102.
22
Calculate the remainder when 2092 is divided by 497.
104
Calculate the remainder when 6749 is divided by 842.
13
What is the remainder when 7317 is divided by 3?
0
What is the remainder when 259 is divided by 203?
56
What is the remainder when 126525 is divided by 6325?
25
Calculate the remainder when 163780 is divided by 27.
25
What is the remainder when 3762380 is divided by 1021?
1016
Calculate the remainder when 55699 is divided by 13916.
35
Calculate the remainder when 28613 is divided by 1789.
1778
Calculate the remainder when 463549 is divided by 64.
61
What is the remainder when 39217 is divided by 9804?
1
What is the remainder when 56096 is divided by 207?
206
What is the remainder when 30520 is divided by 30508?
12
Calculate the remainder when 11702 is divided by 11472.
230
Calculate the remainder when 319 is divided by 26.
7
What is the remainder when 34216 is divided by 2443?
14
Calculate the remainder when 17175 is divided by 235.
20
What is the remainder when 6069 is divided by 2999?
71
What is the remainder when 40602 is divided by 5074?
10
What is the remainder when 122301 is divided by 364?
361
What is the remainder when 3106 is divided by 110?
26
Calculate the remainder when 400907 is divided by 66810.
47
Calculate the remainder when 15149 is divided by 133.
120
Calculate the remainder when 489817 is divided by 19.
16
What is the remainder when 6131 is divided by 3055?
21
What is the remainder when 4025 is divided by 578?
557
Calculate the remainder when 1919 is divided by 747.
425
What is the remainder when 37381 is divided by 77?
36
What is the remainder when 27131 is divided by 82?
71
Calculate the remainder when 2514 is divided by 34.
32
Calculate the remainder when 938 is divided by 72.
2
What is the remainder when 601 is divided by 63?
34
Calculate the remainder when 5538 is divided by 198.
192
What is the remainder when 3998 is divided by 93?
92
Calculate the remainder when 1152 is divided by 986.
166
What is the remainder when 105444 is divided by 28?
24
Calculate the remainder when 1361 is divided by 175.
136
Calculate the remainder when 8403 is divided by 44.
43
Calculate the remainder when 2287 is divided by 80.
47
Calculate the remainder when 11447 is divided by 3814.
5
Calculate the remainder when 202675 is divided by 15.
10
Calculate the remainder when 12008 is divided by 324.
20
What is the remainder when 76306 is divided by 557?
554
What is the remainder when 693219 is divided by 1328?
3
Calculate the remainder when 10204756 is divided by 340.
336
Calculate the remainder when 20834 is divided by 146.
102
What is the remainder when 355 is divided by 100?
55
Calculate the remainder when 40113 is divided by 422.
23
What is the remainder when 153204 is divided by 47?
31
Calculate the remainder when 74050 is divided by 433.
7
Calculate the remainder when 579474 is divided by 3369.
6
Calculate the remainder when 7830 is divided by 12.
6
What is the remainder when 38235 is divided by 13?
2
What is the remainder when 243221 is divided by 72?
5
What is the remainder when 53097 is divided by 13274?
1
What is the remainder when 92836 is divided by 978?
904
Calculate the remainder when 10478 is divided by 2473.
586
What is the remainder when 6993 is divided by 35?
28
What is the remainder when 4315 is divided by 862?
5
Calculate the remainder when 3209 is divided by 164.
93
What is the remainder when 6902 is divided by 83?
13
Calculate the remainder when 343022 is divided by 22.
20
What is the remainder when 117016 is divided by 2488?
80
What is the remainder when 4213 is divided by 117?
1
Calculate the remainder when 151723 is divided by 232.
227
What is the remainder when 6009 is divided by 36?
33
Calculate the remainder when 69103 is divided by 112.
111
Calculate the remainder when 142993 is divided by 650.
643
Calculate the remainder when 24778 is divided by 310.
288
Calculate the remainder when 113226 is divided by 292.
222
Calculate the remainder when 8530 is divided by 820.
330
What is the remainder when 353372 is divided by 36?
32
What is the remainder when 146972 is divided by 221?
7
What is the remainder when 170426 is divided by 10?
6
Calculate the remainder when 8265 is divided by 89.
77
What is the remainder when 8978 is divided by 27?
14
What is the remainder when 67923 is divided by 209?
207
Calculate the remainder when 33563 is divided by 369.
353
What is the remainder when 27678 is divided by 130?
118
What is the remainder when 69551 is divided by 72?
71
What is the remainder when 312655 is divided by 246?
235
What is the remainder when 14863 is divided by 780?
43
What is the remainder when 8853 is divided by 41?
38
Calculate the remainder when 3305 is divided by 77.
71
What is the remainder when 952 is divided by 237?
4
What is the remainder when 397262 is divided by 132420?
2
What is the remainder when 18666 is divided by 25?
16
Calculate the remainder when 698069 is divided by 187.
185
Calculate the remainder when 6332 is divided by 448.
60
What is the remainder when 4507 is divided by 433?
177
What is the remainder when 4260059 is divided by 140?
139
Calculate the remainder when 16346 is divided by 61.
59
Calculate the remainder when 41018 is divided by 13631.
125
What is the remainder when 1795 is divided by 7?
3
What is the remainder when 536824 is divided by 536818?
6
Calculate the remainder when 33495 is divided by 49.
28
Calculate the remainder when 815844 is divided by 450.
444
Calculate the remainder when 529966 is divided by 248.
238
Calculate the remainder when 217457 is divided by 217456.
1
What is the remainder when 2823968 is divided by 89?
87
Calculate the remainder when 200877 is divided by 496.
493
What is the remainder when 96974 is divided by 225?
224
What is the remainder when 8913 is divided by 68?
5
What is the remainder when 9128 is divided by 2978?
194
Calculate the remainder when 3032 is divided by 1736.
1296
What is the remainder when 301122 is divided by 125?
122
Calculate the remainder when 7904 is divided by 263.
14
Calculate the remainder when 2979 is divided by 372.
3
What is the remainder when 7275 is divided by 155?
145
What is the remainder when 684 is divided by 256?
172
What is the remainder when 3357 is divided by 416?
29
What is the remainder when 48814 is divided by 159?
1
Calculate the remainder when 59054 is divided by 3686.
78
Calculate the remainder when 1172 is divided by 104.
28
What is the remainder when 319971 is divided by 60?
51
What is the remainder when 13584 is divided by 2242?
132
What is the remainder when 3103194 is divided by 180?
174
What is the remainder when 7250 is divided by 64?
18
Calculate the remainder when 7403 is divided by 7387.
16
Calculate the remainder when 26074 is divid